{"id":81,"date":"2025-02-24T18:30:52","date_gmt":"2025-02-24T18:30:52","guid":{"rendered":"https:\/\/cleanday-reinigungen.ch\/?page_id=81"},"modified":"2025-02-24T18:31:11","modified_gmt":"2025-02-24T18:31:11","slug":"impressum","status":"publish","type":"page","link":"https:\/\/cleanday-reinigungen.ch\/index.php\/impressum\/","title":{"rendered":"Impressum"},"content":{"rendered":"<p>[et_pb_section fb_built=&#8220;1&#8243; theme_builder_area=&#8220;post_content&#8220; _builder_version=&#8220;4.27.2&#8243; _module_preset=&#8220;default&#8220;][et_pb_row _builder_version=&#8220;4.27.2&#8243; _module_preset=&#8220;default&#8220; theme_builder_area=&#8220;post_content&#8220;][et_pb_column _builder_version=&#8220;4.27.2&#8243; _module_preset=&#8220;default&#8220; type=&#8220;4_4&#8243; theme_builder_area=&#8220;post_content&#8220;][et_pb_text _builder_version=&#8220;4.27.2&#8243; _module_preset=&#8220;default&#8220; theme_builder_area=&#8220;post_content&#8220; hover_enabled=&#8220;0&#8243; sticky_enabled=&#8220;0&#8243;]<\/p>\n<h2>Impressum<\/h2>\n<p>Cleanday Reinigungen GmbH<br \/>Gotthelfstrasse 15<br \/>4800 Zofingen<\/p>\n<p>Haftungsauschluss, Rechtliche Hinweise und Datenschutz<\/p>\n<h4>Datenschutz<\/h4>\n<p>Bei der Benutzung dieser Website werden pers\u00f6nliche Daten nur im Zusammenhang mit der Erbringung einer von Ihnen gew\u00fcnschten Dienstleistung (z.B. Bestellung, E-Mail-Anfrage) erhoben. Diese Daten werden zur Erbringung der Dienstleistung verwendet und nicht an Dritte weitergegeben. F\u00fcr die Verbesserung unseres Angebotes k\u00f6nnen statistische Daten erhoben und ausgewertet werden. Diese Daten sind jedoch anonymisiert und geben ausschliesslich Auskunft \u00fcber generelles Nutzerverhalten.<\/p>\n<h4>Datensicherheit<\/h4>\n<p>Weil sowohl der Zugang zu dieser Website als auch die \u00dcbertragung von E-Mails zu uns unverschl\u00fcsselt stattfindet, kann nicht ausgeschlossen werden, dass Daten unvollst\u00e4ndig \u00fcbertragen\u00a0oder von Dritten eingesehen werden k\u00f6nnten. Aus diesem Grund bitten wir Sie, uns keine vertraulichen Daten per E-Mail zu \u00fcbermitteln. Anfragen, welche wir per E-Mail erhalten, beantworten wir \u00fcblicherweise auch per E-Mail. Sollten Sie dies nicht w\u00fcnschen, bitten wir Sie dies im Rahmen der Anfrage anzumerken. Cookies sind Datenelemente, die eine Webseite an Ihren Browser senden kann um Sie bei Datenbankgest\u00fctzten Systemen besser zu unterst\u00fctzen. Sie haben jedoch die M\u00f6glichkeit, Ihren\u00a0Browser so einzustellen, dass er Sie davon in Kenntnis setzt, wenn Sie ein Cookie erhalten. Somit k\u00f6nnen Sie selbst entscheiden, ob Sie das akzeptieren wollen oder nicht.<\/p>\n<h4>Urheberrecht, Haftung und Verantwortung<\/h4>\n<p>Alle Inhalte und das Layout von cleanday-reinigungen.ch sind urheberrechtlich gesch\u00fctzt. Jegliche kommerzielle Nutzung bedarf der Genehmigung durch crenovel.ch. Alle Angaben sind ohne Gew\u00e4hr. Wir k\u00f6nnen nicht garantieren, dass diese Daten jederzeit vollumf\u00e4nglich auf dem aktuellen Stand sind. crenovel.ch hat auf verschiedenen Seiten ihres Internet-Angebots Links zu anderen Seiten im Internet gelegt. Da die crenovel.ch keinen Einfluss auf die Gestaltung der gelinkten Seiten hat, \u00fcbernimmt sie keinerlei Verantwortung f\u00fcr die Inhalte aller gelinkten Seiten auf dieser Website.<\/p>\n<p>Die Inhalte dieser Website stellen ein unverbindliches Informationsangebot dar. Obwohl die Informationen auf Richtigkeit und Aktualit\u00e4t hin gepr\u00fcft werden, lehnen wir jede Haftung f\u00fcr\u00a0unerw\u00fcnschte Folgen aus dem Gebrauch dieser Informationen ab. Von unserer Haftung ausgeschlossen ist die Garantie f\u00fcr die st\u00e4ndige Verf\u00fcgbarkeit unseres Online-Angebotes sowie Sch\u00e4den (z.B. Verbindungsunterbruch, Viren), die aus der Benutzung unserer Website entstehen k\u00f6nnten.<\/p>\n<p>Wenn Sie Fragen oder Kommentare zu unseren Rechtlichen Hinweisen oder zum Datenschutz haben, nehmen Sie bitte Kontakt mit uns auf.<\/p>\n<p>[\/et_pb_text][\/et_pb_column][\/et_pb_row][\/et_pb_section]<\/p>\n","protected":false},"excerpt":{"rendered":"<p>Impressum Cleanday Reinigungen GmbHGotthelfstrasse 154800 Zofingen Haftungsauschluss, Rechtliche Hinweise und Datenschutz Datenschutz Bei der Benutzung dieser Website werden pers\u00f6nliche Daten nur im Zusammenhang mit der Erbringung einer von Ihnen gew\u00fcnschten Dienstleistung (z.B. Bestellung, E-Mail-Anfrage) erhoben. Diese Daten werden zur Erbringung der Dienstleistung verwendet und nicht an Dritte weitergegeben. F\u00fcr die Verbesserung unseres Angebotes k\u00f6nnen statistische [&hellip;]<\/p>\n","protected":false},"author":1,"featured_media":0,"parent":0,"menu_order":0,"comment_status":"closed","ping_status":"closed","template":"","meta":{"_et_pb_use_builder":"on","_et_pb_old_content":"","_et_gb_content_width":"","footnotes":""},"class_list":["post-81","page","type-page","status-publish","hentry"],"_links":{"self":[{"href":"https:\/\/cleanday-reinigungen.ch\/index.php\/wp-json\/wp\/v2\/pages\/81","targetHints":{"allow":["GET"]}}],"collection":[{"href":"https:\/\/cleanday-reinigungen.ch\/index.php\/wp-json\/wp\/v2\/pages"}],"about":[{"href":"https:\/\/cleanday-reinigungen.ch\/index.php\/wp-json\/wp\/v2\/types\/page"}],"author":[{"embeddable":true,"href":"https:\/\/cleanday-reinigungen.ch\/index.php\/wp-json\/wp\/v2\/users\/1"}],"replies":[{"embeddable":true,"href":"https:\/\/cleanday-reinigungen.ch\/index.php\/wp-json\/wp\/v2\/comments?post=81"}],"version-history":[{"count":2,"href":"https:\/\/cleanday-reinigungen.ch\/index.php\/wp-json\/wp\/v2\/pages\/81\/revisions"}],"predecessor-version":[{"id":84,"href":"https:\/\/cleanday-reinigungen.ch\/index.php\/wp-json\/wp\/v2\/pages\/81\/revisions\/84"}],"wp:attachment":[{"href":"https:\/\/cleanday-reinigungen.ch\/index.php\/wp-json\/wp\/v2\/media?parent=81"}],"curies":[{"name":"wp","href":"https:\/\/api.w.org\/{rel}","templated":true}]}}